)/(-5))/(15/((-20)/(-4))). What is the greatest common factor of v and 12506?
169
Suppose -110*a - 40 = -2460. What is the greatest common divisor of a and 594?
22
Let j(o) = 196*o + 3592. Let r be j(-12). Calculate the greatest common divisor of r and 200.
40
Suppose 0 = -9*v - 224 - 1603. Let g = v + 315. Calculate the greatest common divisor of 42 and g.
14
Let x(b) = b**2 - 72*b - 634. Let o be x(80). Calculate the greatest common divisor of o and 165.
3
Let l = 4464 + -4134. What is the highest common divisor of l and 18?
6
Let w = 90 - 28. Suppose -413*y + 31 = -412*y. What is the highest common factor of y and w?
31
Suppose -o = -36*o + 1483 + 4187. Calculate the highest common factor of 198 and o.
18
Let w(y) = -1548*y - 126. Let g be w(-5). What is the highest common factor of g and 94?
94
Suppose -4*s - 137*u = -132*u - 129, -u = 3. Calculate the highest common divisor of 148 and s.
4
Suppose 0 = 4*f + 5*q + 1, 27 + 11 = 3*f - 4*q. What is the highest common factor of 53 and f?
1
Suppose 13*s - 5*w = 15*s - 905, -4*s + 1783 = w. Suppose 165 - s = -2*x. Calculate the highest common divisor of x and 210.
70
Let l(n) = n**3 - 9*n**2 + 13*n - 71. Let j be l(12). Let m = -205 - -252. What is the greatest common factor of m and j?
47
Suppose 0 = 24*t - 14*t - 1120. Calculate the highest common factor of t and 1376.
16
Suppose 4*o - 3*o = 2*i - 28, -4*i = 4*o - 80. Let h be 0/(4/3 - (-6)/(-18)). Suppose -2*r + 95 - 71 = h. Calculate the greatest common factor of i and r.
4
Suppose 2*h + 15 = 7*h. Let b(o) = 31*o + 3*o**3 + 9 - 30*o - o**3. Let c be b(0). Calculate the greatest common factor of h and c.
3
Suppose -5*z = -2*u - 10, 5*z - 4 - 6 = u. Suppose 4*q + 0 - 12 = 0. Suppose z*r - 31 = -m + r, 3 = -q*r. Calculate the greatest common divisor of m and 224.
32
Suppose 0 = -17*z + 12427 - 9345 + 71616. What is the greatest common factor of z and 26?
26
Suppose v - 116 = -3*v. Suppose 5*s - 3*h = -2*h + v, 4*s + 4*h - 28 = 0. Let b be (30/8)/((-610)/(-1464)). Calculate the highest common divisor of b and s.
3
Let o = 39951 - 21987. Calculate the highest common factor of 36 and o.
36
Suppose -4 = -k + 2*i, 14*k - 15*k - i - 5 = 0. Let p be (-13 - -557 - (k + 5)) + 5. What is the highest common factor of p and 91?
91
Let d be ((-221)/52)/((-2)/(-8)). Let h = -3 - -7. Let i be ((-5)/h)/((-3)/(-12))*d. What is the greatest common divisor of i and 17?
17
Let p be ((-162)/(-42) - 3)*504. Let j = p - 68. Calculate the greatest common divisor of 28 and j.
28
Suppose -4*s - 3*m = 2, 2*s + 3*s = -5*m. Let p = s - -35. Let y be -13 - -1 - (282 + -327). What is the highest common factor of y and p?
33
Let j(x) = -132*x - 756. Let o be j(-6). Suppose -4*r - b + 10 = 0, 5*r + b = 3*r + 6. Calculate the greatest common divisor of r and o.
2
Let r(y) = 21*y**2 - 767*y - 2308. Let a be r(-3). Calculate the greatest common factor of a and 793.
13
Suppose -72*s + 200*s - 4224 = 0. What is the greatest common factor of 1749 and s?
33
Let k = -37723 + 37784. What is the greatest common factor of k and 38491?
61
Let a(w) = -3*w - 2. Let d be a(0). Let b be ((d - -1)*0)/((-5)/(-5)). Suppose b = -3*x + 5*x - 32. What is the greatest common factor of x and 12?
4
Suppose 2*u = 3*f + 402, -70*f + 68*f = 5*u - 1024. What is the greatest common factor of u and 1479?
51
Suppose 0 = -4*h + 3*j + 41, 2*h - 4*j - 26 = 2. What is the greatest common divisor of h and 904?
8
Suppose -16*k - 114 = -1570. Let r(d) = 501*d - 1. Let y be r(2). Calculate the greatest common divisor of k and y.
91
Suppose 0 = 3*v - 9, 0 = 9*m - 13*m + 4*v + 3220. Calculate the highest common factor of m and 8.
8
Let i = -3013 + 3403. What is the greatest common divisor of i and 182?
26
Let c(n) = 395*n - 502. Let w be c(2). What is the highest common divisor of w and 128?
32
Let c be (0 - 1) + 560/10. Let f(x) = -126*x - 586. Let y be f(-5). Calculate the highest common divisor of y and c.
11
Suppose 26*b - 844 = -38. Suppose 4*y + 12 = 0, -4*m + 30*y = b*y - 333. What is the highest common factor of 21 and m?
21
Suppose 2*u = 4*o + 262, 0 = -2*u - 4*o + 250 - 28. What is the greatest common divisor of 7381 and u?
121
Let v be (-4)/(-14) + 71400/833. Calculate the highest common divisor of 344 and v.
86
Suppose -93*k + 91*k + 4 = 0. Suppose -20 = -5*d, 3*d = -k*z + 4 + 2. Let r(l) = -5*l - 7. Let n be r(z). What is the highest common divisor of 16 and n?
8
Let f(l) = -17*l - 251. Let d be f(-15). Suppose 7*p - 10*p + 24 = 0. Suppose s - p = -s. What is the greatest common factor of s and d?
4
Let m = -15 - 278. Let h = 386 + m. Calculate the highest common factor of h and 3.
3
Let w be 1 + (-13 + 6)*-1. What is the greatest common factor of w and 1480?
8
Suppose -4*m + 39 - 19 = 0. Suppose 3*y - 598 = 4*c - 3439, -m = -y. Calculate the greatest common factor of 42 and c.
42
Let v = 615 + -368. Let b = v + -163. Suppose 99299 = 7*r + 99103. What is the highest common divisor of b and r?
28
Suppose -8*m = -8402 + 7674. What is the highest common divisor of 7553 and m?
91
Suppose -37 = -2*i - k - 24, 0 = 3*i + k - 21. Let m be (8/5)/((-3)/(-30)). Suppose 4*v - m = 2*v. What is the highest common divisor of v and i?
8
Let u be ((-325)/195)/(2/(-30)). Suppose 0 = u*b - 37*b + 6552. Calculate the greatest common factor of 42 and b.
42
Let k = -411 + 969. Calculate the greatest common factor of 124 and k.
62
Let w(k) = 436*k**2 - 3*k + 13. Let j be w(2). Calculate the greatest common divisor of 34 and j.
17
Suppose 2*n - 4*r - 32 = 0, n = r - 3*r + 16. Let h be n + (-7 - (3 + 14/(-2))). What is the greatest common divisor of h and 468?
13
Let o = -32235 - -32316. What is the highest common divisor of o and 123?
3
Let z be 3/(-12) + ((-110)/(-8))/11. Let n be (1/((-1)/(-5)))/(1/(-76)). Let c be -2*((-4)/22 - n/(-88)). Calculate the highest common factor of c and z.
1
Suppose -3*s = 79*m - 81*m - 1310, 0 = -4*s - 3*m + 1724. What is the greatest common factor of s and 658?
14
Suppose 336*j + 4647 = 51687. What is the highest common factor of j and 532?
28
Let c(v) = -40*v + 2732. Let q be c(-2). What is the highest common divisor of 148 and q?
148
Let w(r) = -33*r + 1052. Let p be w(20). Calculate the highest common divisor of p and 2254.
98
Let p be (-3 + 7/5)*95/(-38). Suppose 6*v = -v + 322. Calculate the greatest common factor of p and v.
2
Let v(s) = -s + 5. Let r be v(-5). Let u be -8*3/36*-3 + -546. Let y = -540 - u. What is the highest common divisor of y and r?
2
Let r be (8 - 6) + 0 - (-158 + -1). Let m(d) = d**2 + 12*d + 7. Let z be m(-18). Suppose -6*t + z = -t. Calculate the highest common divisor of t and r.
23
Let d = -117 - -113. Let i(t) = -119*t + 10. Let h be i(d). Calculate the highest common divisor of 18 and h.
18
Let m be ((-16)/(1 + 1))/(-2) + 226. Let b = -87 + m. Calculate the greatest common divisor of 52 and b.
13
Let d(g) = -g**3 + 17*g**2 - 37*g + 2. Let x be d(12). What is the greatest common divisor of 6533 and x?
139
Let q(k) = -9*k**2 + 74*k - 58. Let p be q(5). Calculate the highest common divisor of 51 and p.
3
Let z(g) = 18*g**2 + 2*g - 1. Let l be z(-4). Suppose -54*w + 59*w - 77 = -4*o, 4*o + 3*w - 75 = 0. Calculate the greatest common divisor of o and l.
9
Let p(v) = v - 11. Let u(s) = -s**2 - 9*s + 8. Let a be u(-7). Let q be 89/7 - a/(-77). Let c be p(q). What is the highest common factor of c and 6?
2
Let q = 18381 + -18103. What is the highest common factor of q and 43368?
278
Suppose 18*i + f = i + 114, 3*i = 4*f + 41. Calculate the highest common factor of i and 5789.
7
Let a = -98 - -118. Let j be (-10)/8 + 1225/a. What is the highest common divisor of 45 and j?
15
Suppose 5*d - 14 + 199 = 5*c, 4*c = -4*d - 188. Let v be (8 + 816/d)/(4/(-14)). What is the highest common divisor of 160 and v?
40
Let a(i) be the second derivative of i**3 + 19*i**2/2 - 5*i. Let n be a(-4). Let x be n/25 + 888/15. What is the highest common factor of 295 and x?
59
Let v be (9823 + 7 - (15 + -5)) + -8. What is the greatest common divisor of v and 88?
44
Let r be -921*3/(-12) + (-1)/4. Let n(l) = 2*l**2 - 55*l - 268. Let s be n(32). Calculate the greatest common divisor of r and s.
10
Suppose 4*n - 140 = 5*s + n, -3*n + 16 = -s. Let f = 11 - s. Suppose 0 = -q - 0 - 2, 2*c - 3*q 